 is divided by 44.
3
Calculate the remainder when 416 is divided by 84.
80
What is the remainder when 410 is divided by 57?
11
What is the remainder when 425 is divided by 114?
83
Calculate the remainder when 805 is divided by 133.
7
What is the remainder when 62 is divided by 25?
12
Calculate the remainder when 831 is divided by 64.
63
What is the remainder when 1827 is divided by 15?
12
Calculate the remainder when 213 is divided by 104.
5
Calculate the remainder when 151 is divided by 25.
1
What is the remainder when 4338 is divided by 26?
22
What is the remainder when 66 is divided by 7?
3
What is the remainder when 765 is divided by 22?
17
Calculate the remainder when 871 is divided by 177.
163
Calculate the remainder when 5446 is divided by 1814.
4
What is the remainder when 802 is divided by 8?
2
What is the remainder when 2547 is divided by 2?
1
What is the remainder when 5873 is divided by 31?
14
What is the remainder when 85 is divided by 30?
25
What is the remainder when 2941 is divided by 2940?
1
Calculate the remainder when 44 is divided by 1.
0
Calculate the remainder when 199 is divided by 45.
19
Calculate the remainder when 593 is divided by 11.
10
What is the remainder when 73 is divided by 18?
1
What is the remainder when 242 is divided by 64?
50
What is the remainder when 2795 is divided by 2788?
7
Calculate the remainder when 49 is divided by 2.
1
What is the remainder when 4610 is divided by 57?
50
Calculate the remainder when 7655 is divided by 14.
11
Calculate the remainder when 60 is divided by 35.
25
What is the remainder when 498 is divided by 169?
160
What is the remainder when 186 is divided by 92?
2
What is the remainder when 93 is divided by 24?
21
Calculate the remainder when 153 is divided by 18.
9
What is the remainder when 418 is divided by 21?
19
Calculate the remainder when 21836 is divided by 39.
35
Calculate the remainder when 514 is divided by 11.
8
Calculate the remainder when 2485 is divided by 1237.
11
Calculate the remainder when 1369 is divided by 137.
136
What is the remainder when 143 is divided by 19?
10
What is the remainder when 875 is divided by 110?
105
What is the remainder when 486 is divided by 14?
10
Calculate the remainder when 249 is divided by 69.
42
Calculate the remainder when 372 is divided by 96.
84
Calculate the remainder when 2391 is divided by 126.
123
Calculate the remainder when 1499 is divided by 65.
4
What is the remainder when 81 is divided by 20?
1
What is the remainder when 408 is divided by 100?
8
What is the remainder when 119 is divided by 43?
33
What is the remainder when 17944 is divided by 28?
24
Calculate the remainder when 72 is divided by 64.
8
What is the remainder when 2248 is divided by 45?
43
Calculate the remainder when 418 is divided by 14.
12
What is the remainder when 319 is divided by 17?
13
Calculate the remainder when 536 is divided by 18.
14
What is the remainder when 962 is divided by 90?
62
Calculate the remainder when 1098 is divided by 274.
2
Calculate the remainder when 229 is divided by 8.
5
Calculate the remainder when 12023 is divided by 167.
166
Calculate the remainder when 535 is divided by 136.
127
Calculate the remainder when 237 is divided by 48.
45
What is the remainder when 135 is divided by 23?
20
What is the remainder when 4077 is divided by 77?
73
What is the remainder when 1763 is divided by 7?
6
Calculate the remainder when 92 is divided by 4.
0
Calculate the remainder when 923 is divided by 22.
21
Calculate the remainder when 200 is divided by 133.
67
What is the remainder when 763 is divided by 45?
43
What is the remainder when 1745 is divided by 446?
407
Calculate the remainder when 1350 is divided by 85.
75
Calculate the remainder when 44 is divided by 15.
14
Calculate the remainder when 10876 is divided by 13.
8
Calculate the remainder when 726 is divided by 81.
78
Calculate the remainder when 133 is divided by 21.
7
Calculate the remainder when 326 is divided by 112.
102
What is the remainder when 194 is divided by 17?
7
Calculate the remainder when 844 is divided by 200.
44
Calculate the remainder when 23 is divided by 13.
10
What is the remainder when 49 is divided by 14?
7
Calculate the remainder when 191 is divided by 24.
23
What is the remainder when 89 is divided by 1?
0
Calculate the remainder when 1505 is divided by 145.
55
What is the remainder when 1053 is divided by 23?
18
What is the remainder when 39 is divided by 34?
5
What is the remainder when 66 is divided by 31?
4
What is the remainder when 878 is divided by 33?
20
Calculate the remainder when 446 is divided by 30.
26
What is the remainder when 230 is divided by 86?
58
What is the remainder when 52 is divided by 21?
10
Calculate the remainder when 155 is divided by 10.
5
What is the remainder when 718 is divided by 22?
14
What is the remainder when 3304 is divided by 51?
40
What is the remainder when 658 is divided by 12?
10
Calculate the remainder when 4292 is divided by 2138.
16
What is the remainder when 160 is divided by 50?
10
Calculate the remainder when 267 is divided by 37.
8
Calculate the remainder when 524 is divided by 35.
34
Calculate the remainder when 169 is divided by 141.
28
Calculate the remainder when 1360 is divided by 29.
26
What is the remainder when 615 is divided by 159?
138
Calculate the remainder when 5869 is divided by 33.
28
Calculate the remainder when 180 is divided by 7.
5
What is the remainder when 1876 is divided by 459?
40
What is the remainder when 324 is divided by 19?
1
What is the remainder when 7279 is divided by 7?
6
Calculate the remainder when 315 is divided by 15.
0
Calculate the remainder when 11465 is divided by 5.
0
What is the remainder when 134 is divided by 5?
4
What is the remainder when 147 is divided by 105?
42
What is the remainder when 381 is divided by 39?
30
Calculate the remainder when 40 is divided by 11.
7
Calculate the remainder when 397 is divided by 13.
7
Calculate the remainder when 20029 is divided by 10.
9
Calculate the remainder when 107 is divided by 57.
50
Calculate the remainder when 418 is divided by 201.
16
What is the remainder when 824 is divided by 9?
5
Calculate the remainder when 399 is divided by 3.
0
Calculate the remainder when 95 is divided by 21.
11
What is the remainder when 23 is divided by 12?
11
Calculate the remainder when 1974 is divided by 69.
42
Calculate the remainder when 487 is divided by 35.
32
What is the remainder when 128 is divided by 41?
5
What is the remainder when 162 is divided by 44?
30
What is the remainder when 76 is divided by 38?
0
What is the remainder when 506 is divided by 86?
76
What is the remainder when 156 is divided by 155?
1
What is the remainder when 32 is divided by 20?
12
Calculate the remainder when 3251 is divided by 148.
143
What is the remainder when 133 is divided by 17?
14
Calculate the remainder when 187 is divided by 96.
91
What is the remainder when 423 is divided by 106?
105
Calculate the remainder when 3710 is divided by 218.
4
What is the remainder when 2 is divided by 2?
0
Calculate the remainder when 335 is divided by 14.
13
What is the remainder when 283 is divided by 190?
93
What is the remainder when 540 is divided by 16?
12
Calculate the remainder when 2154 is divided by 22.
20
Calculate the remainder when 2253 is divided by 20.
13
Calculate the remainder when 872 is divided by 288.
8
Calculate the remainder when 9068 is divided by 16.
12
What is the remainder when 96 is divided by 33?
30
Calculate the remainder when 1424 is divided by 62.
60
Calculate the remainder when 352 is divided by 79.
36
What is the remainder when 45 is divided by 9?
0
Calculate the remainder when 1447 is divided by 69.
67
Calculate the remainder when 915 is divided by 46.
41
What is the remainder when 221 is divided by 59?
44
Calculate the remainder when 1012 is divided by 969.
43
What is the remainder when 8110 is divided by 104?
102
Calculate the remainder when 9173 is divided by 26.
21
Calculate the remainder when 117 is divided by 90.
27
What is the remainder when 2302 is divided by 84?
34
What is the remainder when 935 is divided by 14?
11
What is the remainder when 1039 is divided by 80?
79
What is the remainder when 77 is divided by 14?
7
